nder when h(11) is divided by k?
3
Suppose 4*g = 157 - 133. What is the remainder when 111 is divided by g?
3
Let b be (1 + 1)*1*92/(-8). Let n = -4 - b. Calculate the remainder when n is divided by 5.
4
Suppose 0 = 3*z - 6*z + 51. Suppose 153 = 4*d - 4*u + z, 0 = 4*d - 3*u - 135. Suppose -3*w - 5 + 59 = 0. Calculate the remainder when d is divided by w.
15
Suppose 2*w + 309 = 5*o - w, -71 = -o - 4*w. Calculate the remainder when o is divided by 22.
19
Let l be (-4)/(-6) + 68/(-12). Let w be ((-14)/(-35))/((-1)/l). Suppose -w*o - 4 = -34. What is the remainder when 42 is divided by o?
12
What is the remainder when (-1)/(-6) + 2062/12 is divided by 59?
54
Suppose -7*l - 65 = -2*l. Let m = l - -18. Suppose m*n - 51 = 74. Calculate the remainder when n is divided by 7.
4
Suppose -48 = -6*d + 18. Calculate the remainder when 20 is divided by d.
9
Calculate the remainder when 68 is divided by (-4)/(-10) + 1743/105.
0
What is the remainder when (4/(-5))/((-4)/(-2))*-235 is divided by 71?
23
Let s(f) = -f + 2 - 6 + 8. Let v be s(4). Suppose 5*w + 5*z = 525, v = w - 8*z + 3*z - 81. What is the remainder when w is divided by 26?
23
Suppose u - 65 = 5*o, -4*o + 0*o - 140 = -3*u. Calculate the remainder when 59 is divided by u.
19
Suppose 6*k - 250 + 64 = 0. Let n(g) = -g**3 - 11*g**2 - 4*g + 4. Let z be n(-11). Suppose 0 = -4*j + j + z. Calculate the remainder when k is divided by j.
15
Suppose 2*r = 37 + 49. Let v = 56 - 100. What is the remainder when r is divided by (-3)/(56/v + 1)?
10
Let c(i) = 2*i**2 + 21*i - 29. Let m be c(-15). Let w = m + -38. What is the remainder when w is divided by 18?
14
Let j(c) = 3*c - 4. Let v(x) = x - 15. Let h be v(12). Let d be j(h). Calculate the remainder when 23 is divided by d/2*4/(-2).
10
Let p = -214 - -279. What is the remainder when 255 is divided by p?
60
Let s(t) = -3*t**2 + 7*t + 6. Let x(q) = -q**2 + 1. Let i(n) = -s(n) + 4*x(n). Suppose -8*d + 28 = -36. What is the remainder when d is divided by i(-6)?
0
Suppose -2*n - n + 18 = 0. Suppose -n*b = -3*b. Suppose -3*h + 33 - 9 = b. Calculate the remainder when 30 is divided by h.
6
Let v = -498 + 526. Calculate the remainder when v is divided by 5.
3
Suppose 614 - 2704 = -11*z. What is the remainder when z is divided by 61?
7
Let l(j) = -j**3 - 5*j**2 + 11*j + 13. Let t(d) = -d**2 + 8*d - 5. What is the remainder when l(-7) is divided by t(6)?
6
Suppose 44 = -15*s + 194. Calculate the remainder when 215 is divided by s.
5
Suppose 2*p - 204 = -4*f, 124 = 2*f + 4*p + 16. Calculate the remainder when f is divided by -39*(-3 - 49/(-21)).
24
Suppose -7*k + 2*k + 10 = 5*d, 3*d - 3*k = 6. Suppose -d*i + 3*u + 10 = -3, 0 = -i - 2*u - 4. What is the remainder when i/9 + (-338)/(-18) is divided by 7?
5
Suppose s + 4*c + 13 = 40, -3*c = s - 24. What is the remainder when 129 is divided by s?
9
Let c(x) = -x + 27. What is the remainder when 24 is divided by c(7)?
4
Let a(f) = 2*f**2 + 12*f + 6. Let w be a(-5). What is the remainder when 19 is divided by 12/1 - w/(-2)?
9
Let h = 14 - 26. Let m = -4 + 24. Let z = h + m. What is the remainder when 15 is divided by z?
7
What is the remainder when 62080/192*(-6)/(-4) is divided by 49?
44
Suppose 9*p - 680 = -p. Suppose 5*l = d - 14, 5*l = 5*d - p - 2. What is the remainder when 53 is divided by d?
11
Let l = 1967 - 1804. Suppose 0 = b - 19 - 36. What is the remainder when l is divided by b?
53
Suppose 0 = 5*u + 22 + 8. Let r(d) = 4*d + 2. Calculate the remainder when (105/28)/(u/(-40)) is divided by r(3).
11
Suppose 0 = s + 2, s = m - 2*s - 29. Let q = 34 - 23. Suppose 3*c - 7 = q. Calculate the remainder when m is divided by c.
5
Let i(b) = -9*b + 151. Calculate the remainder when 30 is divided by i(15).
14
Suppose -2*t + 7*t + 1016 = -2*d, 2*t - 2*d = -398. Let z = 300 + t. Calculate the remainder when z is divided by 25.
23
Let y = 658 + -633. Calculate the remainder when 224 is divided by y.
24
Let v(p) = 4*p**2 + 114*p + 162. Calculate the remainder when v(-28) is divided by 36.
34
What is the remainder when (50292/(-264))/(6/(-8)) is divided by 8?
6
Let h = 1915 - 1545. What is the remainder when h is divided by 124?
122
Let f = 354 + -283. Calculate the remainder when f is divided by 18.
17
Suppose -36 = -3*g - g - 3*o, -3*o = -5*g + 18. Let b = 14 + 8. Calculate the remainder when b is divided by g.
4
Let c = -213 - -717. Calculate the remainder when c is divided by 39.
36
Let g = 27 - 38. Let x = 15 + g. Suppose -x*a = -2*a - 102. Calculate the remainder when a is divided by 13.
12
Suppose 255 = k + u, 2*k = 21*u - 16*u + 538. Calculate the remainder when k is divided by 29.
27
Let s = 287 + -146. What is the remainder when s is divided by 24?
21
Suppose 4*s - 77 = 3*z, 71 = 4*s + z - 2*z. Let l(g) = -4*g**2 + g - 1. Let b be l(1). Let y = b - -10. Calculate the remainder when s is divided by y.
5
Suppose -747 + 50 = -17*x. What is the remainder when x is divided by 37?
4
Suppose 88*p + 96 = 91*p. What is the remainder when 414 is divided by p?
30
Suppose 763 = 179*s - 172*s. What is the remainder when 221 is divided by s?
3
Suppose w = -0 - 1. Let p be w*((-52)/(-4))/(-1). Let k = 16 - p. What is the remainder when 6 is divided by k?
0
Let o(y) = y**3 + 3*y**2 - 3*y + 3. Let x be o(-4). Suppose 3*d - 9 = 0, 3*d = -2*j + 7*d + 34. What is the remainder when j is divided by (3 - 4)/(x/12)?
11
Suppose -370 = -5*a - 0*s - 5*s, -5*a = 2*s - 373. What is the remainder when a is divided by 13?
10
Let k(g) be the third derivative of -7*g**4/24 - g**3/6 + 5*g**2. Let x = -54 + 60. Calculate the remainder when k(-1) is divided by x.
0
Suppose 0 = 4*x + 2*d - 10, 13*d - 12*d = 2*x - 3. Let s = -2 + 9. Suppose -g - s = -2*g. What is the remainder when g is divided by x?
1
Let h = -85 + 52. Let n = h + 108. Calculate the remainder when n is divided by 26.
23
Let q(r) = -43*r + 2. Let l be q(1). Let i = 80 + l. Let k = 67 - i. Calculate the remainder when 110 is divided by k.
26
Suppose -9*h + 390 = -123. Let o(c) = 3*c**2 + 3*c - 3. Let j(s) = s**3 + 2*s**2 + 3*s + 3. Let z be j(-2). What is the remainder when h is divided by o(z)?
12
Let y = 131 - 89. Let j = -33 + y. What is the remainder when j is divided by 3?
0
Let z(i) = -i**2 - 12*i - 18. Let k be z(-12). Let c be (-1)/4 + k/(-8). Suppose -57 - 45 = -c*j. What is the remainder when j is divided by 13?
12
Suppose 4*o = -2*g + 66 + 48, -3*o = -3*g + 144. Calculate the remainder when 304 is divided by g.
49
Suppose -2*w - 688 = -5*n, 3*w - 7*w + 120 = n. Calculate the remainder when n is divided by 28.
24
Suppose a + 4*h - 64 = -a, -3*h - 121 = -5*a. What is the remainder when 68 is divided by a?
16
Let b be 44 - (-2)/4*4. Let w = -5 + b. Let h = 2 + w. What is the remainder when h is divided by 15?
13
Let t(j) = -j**3 - 5*j**2 - 5*j - 6. Let g be t(-4). Suppose 1 = u, o = -3*u - 0*u + 20. What is the remainder when o is divided by 13 + g + -1*2?
8
Suppose -6*t - 126 = -0*t. What is the remainder when 36 is divided by 0 - (4 + -3 + t)?
16
What is the remainder when (-30)/9 - 45920/(-42) is divided by 7?
5
Suppose 2*k + 4*w = 110, 3*w - 283 = -3*k - 109. Calculate the remainder when 169 is divided by k.
47
Suppose -5*a = 4*g - 18, 0*g = a + 5*g - 12. Let r = 2 + -1. Calculate the remainder when a is divided by r.
0
Let s = -1069 - -1154. Calculate the remainder when s is divided by 11.
8
Let x be 174/(-15) + 4/(-10). Let l = -26 - -42. Let t = x + l. What is the remainder when 15 is divided by t?
3
Let m(o) = o**2 - 3*o + 4. Let d be m(3). Suppose 2*a + 74 = d*a. What is the remainder when a is divided by (26/78)/((-2)/(-78))?
11
Calculate the remainder when 749 is divided by (-12506)/(-117) + -13 - 2/(-18).
91
Suppose -m + 2*z = -7, m + 3*z - 12 = -5. Calculate the remainder when 159 is divided by m.
5
Suppose h - u = 17, -19*u = 5*h - 14*u - 55. Calculate the remainder when 40 is divided by h.
12
Let y(s) = 100*s + 37. Let p be y(6). Suppose 5*b - 3*a = p, -2*a = 3*a - 5. What is the remainder when b is divided by 26?
24
Let a = -183 - -210. Let q = 35 + -20. What is the remainder when a is divided by q?
12
Suppose -84 = -3*r + 3*o, -15 = -4*o + 7*o. Let h(q) = q**3 + 22*q**2 + 24*q + 71. What is the remainder when r is divided by h(-21)?
7
Suppose -14*c = -3 - 375. C